 + 9. Let d(h) = -2*h + 12. Let q be d(5). Let n be (2 + -8 + q)*2/1. What is the units digit of y(n)?
9
Let k = 31346 - 6270. What is the ten thousands digit of k?
2
Let i be 69 + (-5)/1 + 0. Suppose 1040 = 68*o - i*o. What is the hundreds digit of o?
2
Let k be -4 + (11 - (-1 - 3)). Suppose k*c - 13*c + 18 = 0. Suppose 0 = 3*h - c*h + 186. What is the tens digit of h?
3
Suppose -20*r + 43*r = -38157. Let a = -1050 - r. What is the tens digit of a?
0
Suppose 100337 = 4*j - 110391. What is the thousands digit of j?
2
Let d(c) = 2*c**3 + c**2 - 2*c + 1. Let k be d(1). Let j be (1/k)/((-4)/(-296)). Suppose s - 10 = j. What is the tens digit of s?
4
Suppose 0 = -3*i + 4*p - 2*p - 1450, -i + 2*p - 486 = 0. Let f = -332 - i. What is the units digit of f?
0
Let z be 82/(-10) - (-5)/25. Let a be 44436/(-15) - -3*z/(-60). What is the tens digit of (2 - (-168)/(-91)) + a/(-13)?
2
What is the units digit of (180/(-24))/15*-254*4?
8
Suppose 352 = 2*m + 6*m. What is the units digit of 48/m*66/12?
6
Suppose -9*m - 454 + 544 = 0. Suppose m*u + 24*u = 48722. What is the tens digit of u?
3
Let x = -111 + 113. Suppose 5*i + 23 = 3, -4*i = x*j - 30. What is the units digit of j?
3
Let l be 19981/39 + (-4)/(-6). Let d = 357 + l. What is the tens digit of d?
7
Let p(b) = -8*b**2 - 6*b + 90. Let h(z) = 9*z**2 + 6*z - 91. Let i(l) = -4*h(l) - 5*p(l). What is the hundreds digit of i(10)?
3
Let x(g) = -1629*g - 6614. What is the hundreds digit of x(-37)?
6
What is the tens digit of 303/1515 + 83368/10?
3
Suppose h + 3*z - 1386 = 6*h, 273 = -h + 2*z. Let q = -77 - h. What is the units digit of q?
2
Let t be (-3285)/135*(-1 - 2)*1. Let d = 173 - t. What is the tens digit of d?
0
Let t be 0 + 1255 + (-15)/(-60)*-8. Let h = -238 + t. What is the hundreds digit of h?
0
Let l(x) = 81*x - 8. Suppose 0 = -4*f - 4*k + 60, f - 61 = -4*f + 2*k. Suppose -4*o + 11 = z, -o + 11*z = 6*z + f. What is the tens digit of l(o)?
5
Let j = 468 - -2758. What is the units digit of j?
6
Let i(g) = 51*g**2 + 3*g - 6. Let v = 117 + -114. Let q be i(v). Suppose -1606 + q = -13*x. What is the units digit of x?
8
Suppose 17*h - 15*h + 42 = 0. Let j = h - -24. Suppose -137 - 16 = -j*l. What is the units digit of l?
1
Let b(k) = -3*k**3 + 3*k**2 + k - 4. Let n be b(2). Let f be n*-1*4/8. Suppose -2*h - f = -47. What is the tens digit of h?
2
What is the units digit of (4 - 19 - -13)*(-83271)/(-3 + 6)?
4
What is the thousands digit of (-728)/455*38535/(-12)?
5
Suppose 0 = 2*x - 5*a + 15, 6 = -5*x + 14*a - 12*a. Let b be (-4)/22 - 1332/(-66). Suppose -b = -5*w, o = -x*w - w + 89. What is the tens digit of o?
8
Let z(w) = 40*w**2 - 75*w - 840. What is the tens digit of z(-21)?
7
Suppose 16*i + z - 27258 = 12*i, 0 = i + 4*z - 6807. What is the thousands digit of i?
6
Suppose -3*t + 7877284 = 3*t + 206*t. What is the hundreds digit of t?
1
Suppose -6*n - 10 - 8 = 0. Let s be n*1*4/(-3). What is the tens digit of 4/s + (1 + 68)*1?
7
Let i = 254 - 150. Let l = 932 + i. What is the thousands digit of l?
1
Let c(l) = 30*l**3 + 5*l - 5. Let p = -48 + 50. What is the tens digit of c(p)?
4
Let s = -2374 + 6491. What is the hundreds digit of s?
1
Let s(d) = 4*d**2 + 2*d - 1. Let u(w) = w**2 - w - 1. Let y(n) = s(n) + 4*u(n). What is the tens digit of y(7)?
7
Let o be 2/2 - (-4 - 33). Let x = -35 + o. Suppose x*h = h + 16. What is the units digit of h?
8
Let g(y) = -y. Let d be g(-4). Suppose 1854 = 5*r - m - 771, -d*r - 5*m = -2100. What is the tens digit of r?
2
Let o = -125 - -128. Let n = 398 - o. What is the tens digit of n?
9
Let b(y) = -2*y**2 + 12*y - 4. Let p be b(5). Suppose -42 = p*g + g. What is the tens digit of (236/g)/(2/(-3))?
5
Let p = 20 - -117. Suppose 1 = 2*b - p. What is the units digit of b?
9
Suppose -4*t + 10*x = -72036, -5*t + 30*x - 27*x + 90007 = 0. What is the thousands digit of t?
7
Suppose 2*b + 272 = 236. Let m(v) = -v**3 - 12*v**2 + 9*v - 13. What is the tens digit of m(b)?
6
Suppose -6 = -2*u - 5*q, -u + q = 2*u - 9. Suppose 263 = 4*k + u*a - 885, 0 = -a. What is the tens digit of k?
8
Suppose 49*d - 871463 - 452517 = 0. Suppose -d = -7*u - 13*u. What is the hundreds digit of u?
3
Let z = -45 - -122. Suppose -z = -p + 64. What is the units digit of p?
1
Let n(s) = 12 - s**2 + 85*s - 29*s - 13*s. What is the tens digit of n(31)?
8
Let q(y) = y**3 + 22*y**2 - 31*y - 20. Let s be q(-23). Let m = s - 23. What is the units digit of m?
1
Suppose -3*j = -6*j + 6. Suppose -s + 6 = j*m, s + 4*m = 6*s + 12. What is the units digit of s + (-1)/(-3) + 51/9?
6
Let j = 1314 - -811. What is the units digit of 3/7 + j/7?
4
Let r(m) = -47*m + 53. Let s be r(4). What is the hundreds digit of (s/18 + -3)*-94?
9
Let q = 98467 - 69690. What is the tens digit of q?
7
Let u(n) = -n**3 + 9*n**2 - 2*n + 22. Let l be u(9). Suppose 4*f + 3*t = 116 + 61, l*f - t - 197 = 0. What is the tens digit of f - ((-11)/(-9) + 6/(-27))?
4
Let g(k) = 298*k - 6603. What is the units digit of g(24)?
9
Let r = 81 + -38. Let u = 272 - 135. Let o = u - r. What is the tens digit of o?
9
Let h(c) = -2*c**2 - 6*c - 32. Let x be h(0). What is the hundreds digit of (8830/(-12))/(-5) + x/192?
1
Let j = 3230 - -13304. What is the units digit of j?
4
Let f(w) = -3*w + 1. Let u(s) = 100*s - 25. Let d(a) = -4*f(a) - u(a). What is the tens digit of d(-2)?
9
Suppose 5*z + 4*j - 9*j = 103555, -4*j + 103501 = 5*z. What is the tens digit of z?
0
Let n be -9*((-28)/(-6) - 5). Suppose 0 = 4*j + 2*r - 1838, -n*r = -4*j - 4*r + 1843. What is the units digit of j?
2
Let m(b) be the second derivative of b**5/20 - 11*b**4/12 - 3*b**3 - 29*b**2/2 - b + 19. What is the tens digit of m(13)?
7
Let l = -3155 - -7782. What is the thousands digit of l?
4
Suppose 5058 = 2*i - 3*r + r, 4*r = -20. Suppose i = -6*d + 7504. What is the units digit of d?
0
Let z = -767 + 789. Suppose -z*m - 26*m + 27984 = 0. What is the units digit of m?
3
Suppose -m - 29372 = -3*z, 3*m = 4*z - 17020 - 22131. What is the hundreds digit of z?
7
Let b(g) be the first derivative of -g**4/4 - 4*g**3/3 + 6*g**2 + 27*g + 168. What is the units digit of b(-6)?
7
What is the units digit of (-2822)/3*(187/55)/(2/(-15))?
7
Let a be (1 - 2)*(-12 - 3). Let t be 6/a - 388/(-5). Let i = -22 + t. What is the units digit of i?
6
Let s = -3 + 2. Suppose 0 = -n - 4*v + 22, 0 = -n + 5*n + v - 133. What is the units digit of (-10)/(-15)*s*(1 - n)?
2
Let z be ((-16)/6)/(1/18). Let n = 62 - z. Let h = n + 44. What is the hundreds digit of h?
1
Let j(o) = o**3 - 21*o**2 + 20*o + 5. Let z be j(20). Suppose -4*i = 5*u + 54, -3*u - z*i = 6 + 16. What is the tens digit of (u + 1)*(-2)/(1 - 0)?
2
Suppose -208*o = -43*o - 3381510. What is the hundreds digit of o?
4
Let p = 473 - 55. Suppose -8*g + 6*g = -p. What is the hundreds digit of g?
2
Let s(o) = 23611*o**2 - 2*o - 5. What is the tens digit of s(1)?
0
Suppose t = -4*u + 29611, 1107*u = -2*t + 1102*u + 59243. What is the units digit of t?
9
Let u = 128 - 126. What is the hundreds digit of (u/6)/((30/(-7542))/(-5))?
4
Let y(l) = l**3 - 7*l**2 - 111*l - 56. What is the hundreds digit of y(29)?
2
Suppose -37*l + 309424 = 14830. What is the units digit of l?
2
Let f(k) = -k**3 + 24*k**2 - 17*k - 461. What is the hundreds digit of f(-21)?
7
Let c be (-486)/36*4/6. Let v(r) = r**2 + 9*r - 32. Let g be v(c). What is the units digit of (3 - g)*4/6*3?
0
Let s(m) = 48*m**2 + 13*m - 8. Let h(c) = 2*c**2 + c - 12. Let y be h(-3). What is the units digit of s(y)?
3
Let n = 16899 - 11808. What is the thousands digit of n?
5
Let u(d) = 77*d**2 + d + 1. Let a = 6 + -64. Let w = 59 + a. What is the units digit of u(w)?
9
Suppose -801*z - 62270 = -811*z. What is the hundreds digit of z?
2
Suppose 0 = 8*w - 628 - 332. Let p(a) = -4*a**3 - a**2 - 2*a - 1. Let q be p(-1). Suppose i - w = c - q*c, i = 3*c - 126. What is the units digit of c?
1
Suppose 0 = 2*s + 16*s - 4698. Suppose -140 = -2*k + 160. Let a = s - k. What is the hundreds digit of a?
1
Let n(f) = -2*f**2 - 2*f + 8. Let z be n(0). Let g(u) = 51*u - 4. What is the tens digit of g(z)?
0
Let w = -24 - -179. Let u = w - -722. What is the units digit of u?
7
Let f(r) = 430*r**2 - 3*r - 2. Let s be f(-1). Suppose 3*l - 6*l + 1229 = -4*a, -4*a = l - s. What is the hundreds digit of l?
4
Let m = 4 - -71. Let q